909 + -372?
-47180
In base 12, what is 12930710 + 2?
12930712
In base 11, what is -3 + 51a6464?
51a6461
In base 2, what is 1001100000 + 110100010100101001100?
110100010101110101100
In base 9, what is -101 + 466278?
466177
In base 15, what is 3d - -3bc01c?
3bc05a
In base 6, what is 1500524 - 224?
1500300
In base 5, what is -11014110332 - 34?
-11014110421
In base 12, what is 2 - 3012788b?
-30127889
In base 12, what is -24b29 - 1275?
-261a2
In base 10, what is -3 - 129095850?
-129095853
In base 2, what is -110001100000111110000 - 10110?
-110001100001000000110
In base 2, what is -1011011 + -110000100111010010110?
-110000100111011110001
In base 16, what is -37d4 - 1da5?
-5579
In base 16, what is 22 + -1f8b7?
-1f895
In base 3, what is -2 - 21220222200010000?
-21220222200010002
In base 11, what is 198981 - -3?
198984
In base 6, what is -1031331 - 112?
-1031443
In base 10, what is 586600557 + 0?
586600557
In base 14, what is -9210 + -1c74?
-b084
In base 3, what is 112122201101100 - -1010?
112122201102110
In base 15, what is -4b72646 + b?
-4b7263a
In base 10, what is -207057405 + -3?
-207057408
In base 16, what is 1 + -28a4b6?
-28a4b5
In base 16, what is -2 - -911f29?
911f27
In base 10, what is -1675 - 1008?
-2683
In base 13, what is -18 + c7523?
c7508
In base 5, what is -133134111 + -1122?
-133140233
In base 8, what is 2163627 - 3161?
2160446
In base 3, what is -1220021 - 11020111?
-20010202
In base 7, what is -56 + -15213666?
-15214055
In base 15, what is -5967 + 47d8?
-117e
In base 13, what is -72c6373 - 10?
-72c6383
In base 14, what is 6 + bcad84?
bcad8a
In base 9, what is -1205 + 16512?
15306
In base 9, what is -802 - 2727?
-3630
In base 11, what is 2 + 8a2a88?
8a2a8a
In base 7, what is -16 - -415223465?
415223446
In base 7, what is -15545 - -5?
-15540
In base 7, what is -105 - -66460?
66352
In base 7, what is 111464105 - 13?
111464062
In base 5, what is 111 - -304420013?
304420124
In base 2, what is 1000000000111000011110101 + -11000?
1000000000111000011011101
In base 8, what is 1570 + -10652?
-7062
In base 2, what is 11 - -11001111000110110100?
11001111000110110111
In base 6, what is 102 + -1044241300?
-1044241154
In base 8, what is -122260701 + -3?
-122260704
In base 4, what is 10 - -1013121200?
1013121210
In base 6, what is -3242532 - -34?
-3242454
In base 13, what is 4 - 477ac8?
-477ac4
In base 10, what is 4868 - 15336?
-10468
In base 11, what is 13 - -1a0639?
1a0651
In base 14, what is 1c8 + -c05b?
-bc73
In base 15, what is e5 - -6858?
694d
In base 8, what is -257220551 + -4?
-257220555
In base 5, what is -100034314224 - 10?
-100034314234
In base 10, what is -16 + 528330?
528314
In base 16, what is 88040 + e4?
88124
In base 9, what is 74171 + 57?
74238
In base 8, what is -44 - 1676662?
-1676726
In base 14, what is 3b7 - 305a?
-2a83
In base 2, what is 11 - 1000010011011001110010?
-1000010011011001101111
In base 16, what is 189 + -aa5f?
-a8d6
In base 14, what is cc + 150ad?
1519b
In base 2, what is 1000010111011011 - 1110010110110?
110100100100101
In base 15, what is 5 - 107741e?
-1077419
In base 16, what is 4a1c4 + -42?
4a182
In base 13, what is -2b7b - 34c6?
-6374
In base 2, what is -10101100111001 - 11111000?
-10110000110001
In base 4, what is 2012112113 - 22101?
2012030012
In base 2, what is 10010110001100 - -1000000010101000?
1010011000110100
In base 14, what is 15765 - 171?
155d4
In base 2, what is -1010000101101100001110 + 0?
-1010000101101100001110
In base 6, what is 0 - -300422245?
300422245
In base 4, what is 32101222030 + 1?
32101222031
In base 13, what is 1314a42 - -1?
1314a43
In base 3, what is -1 - -212210111201012?
212210111201011
In base 15, what is 13 + 7edaa?
7edbd
In base 7, what is -2540 - -254350?
251510
In base 7, what is -13505656 + -23?
-13506012
In base 5, what is 11244431341 - -2?
11244431343
In base 15, what is 1 + 56829c2?
56829c3
In base 3, what is -21022 - 10210112100?
-10210210122
In base 5, what is 4223 + -321033?
-311310
In base 7, what is -442416 + 41?
-442345
In base 2, what is 11100011100 + 1010101100000111?
1011001000100011
In base 4, what is 233033112023 + -10?
233033112013
In base 9, what is -3 - -4284854?
4284851
In base 2, what is 11000 + -10010000011010100010001010?
-10010000011010100001110010
In base 13, what is -1643077 - 40?
-16430b7
In base 3, what is -220212002120212 + -12?
-220212002121001
In base 15, what is 31a7 + 1a5?
335c
In base 5, what is -3130 - -440240?
432110
In base 12, what is -5 + -1978412?
-1978417
In base 13, what is -44 - -2c559?
2c515
In base 12, what is 719145 - 1?
719144
In base 11, what is -174775a8 + 0?
-174775a8
In base 6, what is -4 - 101410113?
-101410121
In base 2, what is -110000111011 + -101010000?
-110110001011
In base 14, what is -6d73dc63 + 1?
-6d73dc62
In base 7, what is 32 - -30212036?
30212101
In base 15, what is b9 - -c8a43?
c8b0c
In base 16, what is -1e2c8e + -b?
-1e2c99
In base 7, what is -2614664011 + -5?
-2614664016
In base 6, what is -1 - 335152131?
-335152132
In base 13, what is 116316 + -1?
116315
In base 8, what is -1 - -1124615024?
1124615023
In base 5, what is -1002034240034 + 0?
-1002034240034
In base 15, what is -16b - 2523a7?
-252523
In base 11, what is -837017841 + 3?
-837017839
In base 9, what is -157605 + -313?
-158018
In base 15, what is 25ae + 5784?
7d43
In base 4, what is 33 + 21131223223?
21131223322
In base 3, what is -10 - 12100112020101?
-12100112020111
In base 15, what is 4e35b9c - 6?
4e35b96
In base 14, what is 1992 + -4ab8?
-3126
In base 10, what is 1 + -186209955?
-186209954
In base 11, what is -168085 - 14a?
-168224
In base 13, what is -5 - 1501826b?
-15018273
In base 8, what is 1 + -121022040?
-121022037
In base 6, what is -340240 - -412?
-335424
In base 15, what is -67a - 87a9?
-8e34
In base 16, what is -c9ba5 + 5b?
-c9b4a
In base 15, what is -a608c23 + -5?
-a608c28
In base 5, what is -13401 + 110331014?
110312113
In base 8, what is 156 - 17457?
-17301
In base 3, what is 1100011001 + 12010?
1100100011
In base 11, what is 20100132 + -11?
20100121
In base 3, what is -222020001210221 + 122?
-222020001210022
In base 2, what is 110000001 - -1101100000110010?
1101100110110011
In base 14, what is -4 + 2898d36?
2898d32
In base 2, what is 101 + 11101011010000111110110011?
11101011010000111110111000
In base 14, what is -1 + -25845c?
-25845d
In base 12, what is -bb4 - -1778?
784
In base 9, what is 52 + -2501733?
-2501671
In base 15, what is 2d + -41c2?
-4194
In base 8, what is -4476624 - 3?
-4476627
In base 2, what is -1110010111101011100 + 11001?
-1110010111101000011
In base 13, what is 5 - b3688b?
-b36886
In base 3, what is 122120020 + 102221?
200000011
In base 11, what is a6684867 + -5?
a6684862
In base 14, what is 3692cdc - -6?
3692d04
In base 4, what is -211230200 - -3220?
-211220320
In base 12, what is -1a352 + 278?
-1a096
In base 4, what is -101003320133123 - -11?
-101003320133112
In base 9, what is -14 - 14114?
-14128
In base 9, what is -26361 - 155?
-26526
In base 2, what is -100 + 100111111010011110001010101?
100111111010011110001010001
In base 7, what is 10632603 + -5?
10632565
In base 8, what is -60512565 + 23?
-60512542
In base 16, what is -274 + 1aad2?
1a85e
In base 15, what is -508c7 + -44?
-5091b
In base 16, what is -5 - 18f727?
-18f72c
In base 16, what is -440 - -dd6?
996
In base 16, what is -684cd22 + -4?
-684cd26
In base 5, what is -3 + -214343133402?
-214343133410
In base 14, what is -6 - -10d5999?
10d5993
In base 5, what is -2431200 - 0?
-2431200
In base 2, what is 101 + -111000100100111111010111100?
-111000100100111111010110111
In base 3, what is 101212 - -2100110202?
2100212121
In base 11, what is -286 - -181617?
181341
In base 3, what is -121011002222001 - 2?
-121011002222010
In base 16, what is -3053453 - 3?
-3053456
In base 16, what is -b2 - 4c93c?
-4c9ee
In base 5, what is -3134102001 + 1?
-3134102000
In base 8, what is 1624370 + 1175?
1625565
In base 4, what is -111 - 3200201201?
-3200201312
In base 2, what is 101110101110100110101010 - 10?
101110101110100110101000
In base 7, what is -361 + -310420?
-311111
In base 15, what is -4 - -46e0a9b?
46e0a97
In base 2, what is 1001010101100 - 110101110101110010?
-110100101011000110
In base 5, what is 4403110334 + -3?
4403110331
In base 2, what is 110111 + -101100100010001